o base 14.
-12b15
-1b16b (base 13) to base 16
-cefa
64544 (base 10) to base 8
176040
Convert 1405151 (base 7) to base 2.
101101100100110101
-585650 (base 10) to base 5
-122220100
What is -12fa1 (base 16) in base 8?
-227641
What is 1000010000101111011110 (base 2) in base 8?
10205736
Convert -32012203311 (base 4) to base 8.
-16064365
-404781 (base 13) to base 12
-601380
Convert 20011120120 (base 3) to base 10.
121434
Convert 1214250 (base 7) to base 6.
3154213
Convert -10001111001010100 (base 2) to base 14.
-1c9da
What is 11ba21 (base 12) in base 9?
481767
-2313201 (base 7) to base 3
-112200202220
-2101100020 (base 3) to base 8
-133471
Convert 5b34ca (base 14) to base 3.
12212120001112
Convert -1814600 (base 11) to base 10.
-3080660
Convert -1ba79d (base 14) to base 10.
-989351
Convert -161047 (base 13) to base 8.
-2050223
Convert 178aa1 (base 11) to base 3.
111222220222
What is -1111101000011101100010 (base 2) in base 4?
-33220131202
What is -13b2301 (base 15) in base 5?
-12120424201
321865a (base 13) to base 4
322100011133
Convert 377102 (base 8) to base 3.
20122012000
Convert 12de5 (base 16) to base 3.
10221000102
What is -1bbe2 (base 16) in base 11?
-78414
-5a470a (base 13) to base 15
-2c79a6
Convert -10112221201101 (base 3) to base 13.
-511846
Convert 101201102120211 (base 3) to base 14.
a84169
Convert -1141423210 (base 5) to base 8.
-12176147
1313222000 (base 5) to base 13
8a0a82
Convert 7a2685 (base 11) to base 14.
253680
What is 63611 (base 13) in base 16?
2bb29
Convert 618654 (base 11) to base 10.
992380
244123343 (base 6) to base 5
2144124001
Convert 143588 (base 10) to base 7.
1135424
Convert 11200311 (base 4) to base 6.
252313
What is 4600751 (base 8) in base 14?
245d69
What is -1a70b (base 16) in base 6?
-2153215
What is 123213020 (base 4) in base 9?
182122
-19a96c (base 16) to base 6
-100013552
186a2 (base 14) to base 9
103550
What is 220022100 (base 5) in base 13?
26b549
-10631607 (base 10) to base 3
-202000010211020
What is 119302 (base 12) in base 2?
1000101101101110010
Convert 20ad9 (base 14) to base 13.
29c48
Convert 1103310333 (base 4) to base 9.
573000
What is 94639 (base 13) in base 14?
6d3a3
3118b7 (base 14) to base 3
10010011002201
What is -69512 (base 11) in base 6?
-2053003
16a04 (base 14) to base 11
39787
What is -11b66ad (base 14) in base 4?
-200131011101
Convert -25de9e (base 16) to base 6.
-125105530
What is -11000010001110100 (base 2) in base 8?
-302164
38a61 (base 12) to base 10
77545
Convert -616102 (base 8) to base 9.
-340551
132892 (base 12) to base 16
4d16e
What is -196611 (base 14) in base 2?
-11011100000001100111
What is -40357326 (base 8) in base 9?
-17012137
What is -59113 (base 10) in base 14?
-17785
Convert -21110100000011 (base 3) to base 7.
-45453331
1011111010000000 (base 2) to base 5
3030033
What is -684aa4 (base 12) in base 11?
-a39789
Convert -20534151 (base 6) to base 13.
-181957
What is 336743 (base 8) in base 13?
3cc57
213020022 (base 4) to base 10
160266
What is -4463102 (base 7) in base 16?
-8715e
Convert 42300414 (base 6) to base 7.
13340032
What is -7299 (base 13) in base 5?
-1001333
Convert -63913a (base 13) to base 10.
-2333432
Convert -54a64 (base 15) to base 3.
-111122221211
-1c55c54 (base 14) to base 7
-231425034
274665 (base 10) to base 5
32242130
What is 1132233112 (base 4) in base 14?
a15c2
What is 1754547 (base 10) in base 11?
a99243
10110101100111001010 (base 2) to base 14
155146
64067 (base 9) to base 2
1010010101100111
Convert 1540155 (base 6) to base 12.
4465b
19006c (base 14) to base 12
367468
21642 (base 13) to base 16
ebe3
4421101 (base 7) to base 3
1000120212211
6427a7 (base 11) to base 3
1221020211110
399ba5 (base 13) to base 4
11110000313
Convert 11423012 (base 7) to base 13.
296870
What is -1164726 (base 8) in base 2?
-1001110100111010110
24e7 (base 15) to base 14
2c1d
12721420 (base 8) to base 11
1683671
Convert 303233100 (base 4) to base 6.
4313040
-30845 (base 9) to base 6
-234152
-464612 (base 8) to base 2
-100110100110001010
What is 5cc59c (base 15) in base 2?
10000111101011111000011
603047 (base 11) to base 10
970350
-1010100011101100000 (base 2) to base 10
-345952
-15b1d (base 14) to base 7
-314236
Convert -1668b10 (base 12) to base 15.
-61380c
Convert -aa4530 (base 11) to base 3.
-10022120012221
1a3b18 (base 15) to base 13
359a7a
5865 (base 16) to base 11
16002
-236786 (base 14) to base 10
-1208850
Convert -12012102021221 (base 3) to base 10.
-2763853
What is -4053387 (base 9) in base 7?
-24240343
Convert -12262221 (base 7) to base 13.
-2ca228
Convert 30a9a0 (base 12) to base 5.
143441232
Convert -1d78d8c (base 14) to base 16.
-e20e40
What is -32202333 (base 4) in base 6?
-1135503
Convert 10203002002 (base 4) to base 14.
2305d8
Convert -22c962 (base 13) to base 7.
-10015020
Convert -350255004 (base 6) to base 4.
-120221203030
What is 56a401 (base 11) in base 12?
3789a8
Convert -3400320 (base 5) to base 12.
-2a4b0
What is -65a7154 (base 11) in base 9?
-23725184
What is 46631043 (base 7) in base 3?
21201201210010
Convert -12255133 (base 8) to base 3.
-12002200120100
-241423042 (base 5) to base 9
-2102157
41362100 (base 7) to base 6
202310555
What is 1355156 (base 8) in base 5?
44233343
What is -175674 (base 8) in base 11?
-44466
What is -2666928 (base 10) in base 14?
-4d5cac
-10330211 (base 4) to base 6
-233445
Convert -1110101101000110011 (base 2) to base 7.
-4044535
What is -1102211000202 (base 3) in base 8?
-2724154
Convert -14614026 (base 7) to base 14.
-285a86
-4820a0 (base 12) to base 6
-40544320
-14130b1 (base 13) to base 6
-344013313
What is 2001104333 (base 5) in base 12?
1393909
What is db481 (base 14) in base 15?
a72ae
Convert -32023022 (base 4) to base 16.
-e2ca
What is 6baba3 (base 14) in base 13?
9ba89c
What is 766713 (base 11) in base 7?
13255442
Convert -3314a (base 12) to base 7.
-401032
Convert 13516366 (base 7) to base 3.
2101021111111
What is -382570 (base 9) in base 12?
-b2009
Convert -110100011010000011000111 (base 2) to base 15.
-131588d
What is 466520 (base 7) in base 16?
147ef
1130339 (base 10) to base 5
242132324
1637713 (base 10) to base 4
12033311101
-47b06 (base 14) to base 13
-61892
13240254 (base 6) to base 14
b689c
Convert 110110000011010100010 (base 2) to base 4.
12300122202
Convert -3b151 (base 12) to base 6.
-1424541
-2400512 (base 6) to base 8
-363274
Convert -3c2c (base 14) to base 16.
-2980
What is -421114513 (base 6) in base 12?
-2558a39
Convert 1103421412 (base 5) to base 7.
26303342
14428140 (base 10) to base 15
1400010
Convert 2080180 (base 9) to base 3.
2002200012200
Convert -17c303 (base 15) to base 10.
-1154928
Convert -144104 (base 6) to base 2.
-11011000101000
Convert -1aa9f (base 16) to base 6.
-2201343
23550225 (base 6) to base 11
469a46
Convert 2054984 (base 10) to base 13.
56c489
10004105 (base 6) to base 16
44909
163261 (base 9) to base 6
2054431
-43365 (base 8) to base 7
-103650
Convert -15355262 (base 9) to base 5.
-3424411424
What is -60826 (base 11) in base 9?
-144773
-3020273 (base 9) to base 12
-656449
343b5 (base 13) to base 9
154435
Convert -210022120002100 (base 3) to base 8.
-53156323
Convert 101011100100000000111 (base 2) to base 11.
895524
Convert -1413100 (base 11) to base 6.
-124102532
-219420 (base 12) to base 11
-335687
What is -251634 (base 7) in base 15?
-daa6
Convert 10111001000110110011 (base 2) to base 10.
758195
-1010110001010110010010 (base 2) to base 4
-22301112102
-247272 (base 13) to base 9
-1570030
What is 255271 (base 10) in base 7?
2112142
Convert b39057 (base 13) to base 7.
50420006
What is -10110101010100111 (base 2) in base 12?
-45887
-125585 (base 9) to base 16
-12a0a
-2944734 (base 10) to base 8
-13167336
-1a50a5 (base 12) to base 15
-92b72
Convert -112010233003 (base 4) to base 7.
-100120306
Convert 12771520 (base 8) to base 5.
1214132321
Convert -168e4 (base 15) to base 11.
-4a843
What is -2202111210210 (base 3) in base 9?
-2674723
-14d21e (base 16) to base 8
-5151036
Convert -102111120 (base 4) to base 8.
-222530
111101010011000001 (base 2) to base 6
5214213
What is 19a93a4 (base 13) in base 15?
b25e4a
-135588c (base 13) to base 12
-205b8b6
Convert 15325400 (base 7) to base 16.
1669fa
What is -123002213 (base 5) in base 9?
-1104804
Convert -301104314 (base 5) to base 13.
-3